divide 10789?
False
Is 133 a factor of 51072?
True
Is 7 a factor of 56001?
False
Is 6042 a multiple of 38?
True
Is 301 a factor of 58695?
True
Does 6 divide 684?
True
Does 30 divide 6390?
True
Is 15 a factor of 1140?
True
Is 6209 a multiple of 25?
False
Does 64 divide 1934?
False
Is 6 a factor of 50533?
False
Is 11 a factor of 16334?
False
Is 82758 a multiple of 6?
True
Does 125 divide 20464?
False
Is 15 a factor of 225?
True
Does 7 divide 489?
False
Is 2385 a multiple of 5?
True
Is 7 a factor of 448?
True
Is 8 a factor of 1272?
True
Is 364 a multiple of 7?
True
Does 49 divide 94949?
False
Does 252 divide 73584?
True
Is 14000 a multiple of 35?
True
Does 8 divide 524?
False
Is 33248 a multiple of 16?
True
Is 18377 a multiple of 12?
False
Does 5 divide 10660?
True
Does 23 divide 1127?
True
Is 23 a factor of 964?
False
Is 8291 a multiple of 20?
False
Is 30 a factor of 2280?
True
Is 930 a multiple of 10?
True
Is 14 a multiple of 2?
True
Is 89 a multiple of 3?
False
Is 12799 a multiple of 33?
False
Is 16 a factor of 160?
True
Is 1204 a multiple of 43?
True
Is 103 a multiple of 3?
False
Is 3096 a multiple of 12?
True
Is 74 a factor of 34363?
False
Is 13 a factor of 182?
True
Does 10 divide 360?
True
Is 70320 a multiple of 16?
True
Does 4 divide 683?
False
Is 11 a factor of 38?
False
Is 897 a multiple of 39?
True
Does 107 divide 5885?
True
Is 305 a multiple of 4?
False
Is 8 a factor of 32632?
True
Is 55 a factor of 12980?
True
Is 17 a factor of 438?
False
Is 37 a factor of 564?
False
Is 2 a factor of 3121?
False
Does 9 divide 187?
False
Does 2 divide 1353?
False
Is 105 a factor of 4305?
True
Does 31 divide 13853?
False
Is 5 a factor of 1865?
True
Is 11 a factor of 9247?
False
Is 217 a multiple of 31?
True
Is 40 a factor of 3920?
True
Is 174 a multiple of 45?
False
Does 21 divide 1520?
False
Is 1148 a multiple of 32?
False
Does 8 divide 2152?
True
Is 23150 even?
True
Is 15494 a multiple of 122?
True
Does 22 divide 286?
True
Is 5848 a multiple of 135?
False
Is 768 a multiple of 8?
True
Does 12 divide 4452?
True
Does 8 divide 8104?
True
Is 6575 a multiple of 11?
False
Is 1752 a multiple of 23?
False
Does 17 divide 255?
True
Does 20 divide 322?
False
Does 7 divide 2933?
True
Is 92024 a multiple of 32?
False
Does 39 divide 5289?
False
Does 51 divide 557?
False
Is 6 a factor of 18048?
True
Is 81 a factor of 375?
False
Is 29 a factor of 13258?
False
Is 18 a factor of 531?
False
Is 20925 a multiple of 31?
True
Is 1677 a multiple of 14?
False
Is 404 a multiple of 4?
True
Is 5280 a multiple of 6?
True
Is 37 a factor of 34595?
True
Is 2187 a multiple of 20?
False
Is 75 a factor of 2352?
False
Does 65 divide 781?
False
Does 6 divide 5891?
False
Does 37 divide 9213?
True
Is 25 a factor of 3100?
True
Does 21 divide 1364?
False
Does 5 divide 8120?
True
Does 11 divide 6226?
True
Is 90 a multiple of 9?
True
Is 12 a factor of 18270?
False
Is 3 a factor of 95?
False
Does 35 divide 5550?
False
Does 128 divide 11717?
False
Is 12 a factor of 220?
False
Does 30 divide 1294?
False
Is 24 a factor of 514?
False
Does 19 divide 57?
True
Is 21 a factor of 45584?
False
Does 5 divide 350?
True
Is 6358 a multiple of 28?
False
Is 102 a multiple of 22?
False
Does 17 divide 106?
False
Is 148 a multiple of 4?
True
Is 131 a factor of 1372?
False
Does 3 divide 2179?
False
Is 5727 a multiple of 83?
True
Is 9216 a multiple of 64?
True
Is 174 a multiple of 5?
False
Is 9137 a multiple of 13?
False
Is 744 a multiple of 8?
True
Is 23 a factor of 345?
True
Is 20814 a multiple of 5?
False
Is 13 a factor of 565?
False
Does 45 divide 1795?
False
Is 2 a factor of 135?
False
Does 7 divide 1577?
False
Is 15411 a multiple of 11?
True
Is 96 a multiple of 4?
True
Is 17 a factor of 70280?
False
Is 1616 a multiple of 8?
True
Does 82 divide 719?
False
Is 30 a factor of 18484?
False
Does 27 divide 3089?
False
Is 20 a factor of 37700?
True
Is 12208 a multiple of 16?
True
Is 8 a factor of 1184?
True
Is 42 a factor of 840?
True
Does 30 divide 13080?
True
Does 5 divide 329?
False
Does 41 divide 10936?
False
Does 58 divide 597?
False
Is 634 a multiple of 2?
True
Is 8 a factor of 35332?
False
Does 96 divide 11520?
True
Does 57 divide 3021?
True
Is 427 a multiple of 61?
True
Is 120 a multiple of 6?
True
Does 91 divide 2639?
True
Is 5 a factor of 705?
True
Is 800 a multiple of 20?
True
Does 3 divide 4702?
False
Is 294 a multiple of 3?
True
Is 6 a factor of 150?
True
Is 1288 a multiple of 56?
True
Is 10325 a multiple of 25?
True
Is 53 a factor of 10017?
True
Is 26 a factor of 1170?
True
Does 4 divide 168?
True
Is 4960 a multiple of 62?
True
Is 243 even?
False
Is 942 a multiple of 3?
True
Does 9 divide 31480?
False
Is 2684 a multiple of 122?
True
Is 300 a multiple of 3?
True
Does 16 divide 3312?
True
Is 12 a factor of 2032?
False
Is 7 a factor of 203?
True
Is 12194 a multiple of 91?
True
Is 123 a factor of 24192?
False
Is 3 a factor of 1249?
False
Is 148 a multiple of 15?
False
Is 15 a factor of 2686?
False
Is 672 a multiple of 112?
True
Is 70 a factor of 7910?
True
Is 14771 a multiple of 32?
False
Is 94 a factor of 1786?
True
Is 188 a factor of 3480?
False
Is 20 a factor of 5090?
False
Does 85 divide 2221?
False
Is 12 a factor of 15276?
True
Is 2875 a multiple of 40?
False
Is 17 a factor of 1122?
True
Is 68 a factor of 38556?
True
Does 38 divide 583?
False
Is 6 a factor of 10674?
True
Is 18 a factor of 1296?
True
Does 17 divide 4454?
True
Is 1701 a multiple of 210?
False
Is 4935 a multiple of 35?
True
Is 10 a factor of 79080?
True
Is 3763 a multiple of 9?
False
Is 847 a multiple of 17?
False
Is 57 a factor of 154641?
True
Is 119 a multiple of 4?
False
Is 3 a factor of 48?
True
Does 156 divide 29563?
False
Does 6 divide 1168?
False
Is 17640 a multiple of 21?
True
Is 25 a factor of 50?
True
Is 12376 a multiple of 56?
True
Is 62 a factor of 82532?
False
Is 26 a factor of 375?
False
Is 18 a factor of 13024?
False
Is 378 a multiple of 21?
True
Is 1502 a multiple of 15?
False
Does 86 divide 7442?
False
Does 3 divide 1599?
True
Is 678 a multiple of 6?
True
Does 30 divide 300?
True
Does 119 divide 40792?
False
Is 22 a factor of 5660?
False
Does 101 divide 1290?
False
Does 93 divide 14973?
True
Is 19 a factor of 456?
True
Is 32993 a multiple of 12?
False
Is 37 a factor of 4884?
True
Is 38 a factor of 7192?
False
Is 2726 a multiple of 24?
False
Is 12 a factor of 1474?
False
Is 10 a factor of 566?
False
Does 25 divide 2671?
False
Does 24 divide 936?
True
Is 14 a factor of 490?
True
Is 925 a multiple of 32?
False
Is 1018 a multiple of 15?
False
Is 15114 a multiple of 7?
False
Is 19932 a multiple of 28?
False
Is 2427 a multiple of 14?
False
Is 45869 a multiple of 10?
False
Does 62 divide 120?
False
Is 54909 a multiple of 9?
True
Does 4 divide 1072?
True
Is 4 a factor of 156?
True
Is 98 a factor of 3681?
False
Does 12 divide 883?
False
Is 441 a multiple of 14?
False
Is 5 a factor of 14605?
True
Does 44 divide 32733?
False
Is 29530 a multiple of 18?
False
Does 13 divide 21592?
False
Is 3 a factor of 205?
False
Is 3434 a multiple of 17?
True
Is 16 a factor of 60816?
True
Is 393 a multiple of 11?
False
Is 215 a multiple of 15?
False
Is 22 a factor of 440?
True
Is 24 a factor of 2976?
True
Is 10 a factor of 2132?
False
Does 38 divide 2090?
True
Is 5351 a multiple of 42?
False
Is 2 a factor of 83?
False
Does 7 divide 1790?
False
Does 119 divide 12609?
False
Is 658 a multiple of 7?
True
Is 85050 a multiple of 35?
True
Does 37 divide 13801?
True
Does 67 divide 3484?
True
Is 2319 a multiple of 48?
False
Is 4 a factor of 940?
True
Does 5 divide 15050?
True
Does 19 divide 1188?
False
Is 9 a factor of 9612?
True
Does 137 divide 124670?
True
Is 47255 a multiple of 57?
False
Does 93 divide 11079?
False
Is 18 a factor of 103?
False
Is 178 a factor of 7832?
True
Is 9 a factor of 354?
False
Is 17 a factor of 1054?
True
Is 6290 a multiple of 17?
True
Does 24 divide 321?
False
Does 67 divide 5092?
True
Is 3796 a multiple of 4?
True
Does 15 divide 1594?
False
Is 409 a multiple of 21?
False
Does 35 divide 6615?
True
Is 448 a multiple of 32?
True
Is 1524 a multiple of 10?
False
Is 100 a factor of 7357?
False
Is 306 a multiple of 19?
False
Is 7 a factor of 1686?
False
Does 8 divide 96?
True
Is 2956 a multiple of 14?
False
Is 96 a factor of 7225?
